(h) = h - 31. Let r(u) = -13*p(u) - 6*v(u). Let k be r(-15). What is the greatest common divisor of k and 20?
20
Suppose -2064 = -5*y - 5*t + 851, -5*y + 2915 = -4*t. What is the greatest common factor of 11 and y?
11
Let k be (-60)/105 - (358/(-14) - 1). Let o be 26/6*(-120)/(-4). What is the highest common divisor of o and k?
26
Suppose -5*o + 922 + 198 = 0. Suppose -7*u + o - 7 = 0. Calculate the greatest common factor of 31 and u.
31
Suppose 0 = -3*i + 8 + 10. Suppose -22 = 4*a - 6, -5*j + 78 = -2*a. Let v = i + j. What is the greatest common divisor of v and 4?
4
Let v(r) = r**3 + 8*r**2 + 7*r - 6. Suppose -50 = 2*l - 7*l. Let j = l - 16. Let q be v(j). Calculate the greatest common factor of q and 8.
8
Let b(x) = -x**2 + 22*x - 27. Let k be b(7). Let g be 130/4*(-36)/(-30). What is the highest common divisor of g and k?
39
Suppose -770 = f - 6*f - 4*j, 3*f - 462 = -4*j. Let q be 1534/14 - (2 + (-68)/28). Let r = f - q. Calculate the highest common factor of r and 11.
11
Let y be 1/(-3) + 6/(-9)*-5. Suppose y*v - 2 = 64. Calculate the greatest common factor of v and 198.
22
Let k = -22 - -32. Suppose -1841*t + 1824*t + 255 = 0. What is the highest common divisor of t and k?
5
Suppose 3*h + 3*k - 57 = 0, -35*k + 31*k = 3*h - 60. What is the greatest common divisor of h and 208?
16
Suppose 11*o = 14*o - 36. Let p = o + 13. Calculate the greatest common factor of p and 10.
5
Suppose 0 = 4*s - 0*s - 28. Suppose 0 = -s*q + 160 - 34. Calculate the greatest common divisor of q and 2.
2
Suppose -5*v = 2*h - 90, -2*h + 53 = 3*v - 5. What is the greatest common divisor of v and 48?
16
Suppose 13*s - 6*s - 21 = 0. Suppose -3*x - 4*v = -688, -x + 936 = s*x - 4*v. What is the greatest common divisor of 29 and x?
29
Let m be 3 + -2*3 - -3. Suppose 0 = 5*j - m*j - 2200. Let f be ((-39)/52)/((-2)/j). Calculate the greatest common divisor of f and 15.
15
Let m be 173 - (0 - -2 - 3). Calculate the greatest common divisor of 290 and m.
58
Suppose -l + 5*u - 9 = -0*l, -5*l + 2*u + 24 = 0. Suppose -n - 40 = -l*n. Suppose -2 = 5*d - 7. Calculate the highest common factor of d and n.
1
Suppose 867*j = 875*j - 600. Let z = 38 - 23. What is the greatest common factor of j and z?
15
Let k = 5 + -1. Suppose -v - 859 = -k*h, -2*h + 272 = 4*v - 180. Suppose 4*n - h = -0*n. Calculate the greatest common divisor of n and 6.
6
Suppose 4*x + 2*f = f + 525, -5*x = -3*f - 669. Suppose 3*d + 2 = 5. Let p = 11 + d. What is the greatest common divisor of x and p?
12
Suppose -3*y - 4*t = 2, 0 = 2*y - t + 99 - 116. Calculate the highest common factor of 108 and y.
6
Let b = 2744 - 791. Suppose 8*v - v = b. Calculate the highest common divisor of v and 31.
31
Let s be 1 - (3 + -4 - 16810). Let q be (-2)/(-11) + s/99. What is the highest common divisor of q and 34?
34
Let x be 16/(-32) - 4482/(-4). Calculate the greatest common divisor of 32 and x.
32
Suppose -8422 + 21652 = 6*x. What is the greatest common factor of x and 45?
45
Suppose 151 = 3*s - 335. Calculate the highest common divisor of 3 and s.
3
Let m(v) = -2*v**2 + 12*v + 100. Let b be m(-4). Let q(t) = t - 3. Let d be q(7). Calculate the highest common divisor of b and d.
4
Let m be -18*-3*3/27. Let n be (95/57)/(2/m). What is the highest common divisor of 1 and n?
1
Suppose 2*m - 2*z - 8 = 0, -m + 5*m + 2*z = -8. Suppose m + 9 = 3*q. Let i be (-2)/(0 - q/6). Calculate the highest common factor of 36 and i.
4
Let g be ((-66)/15)/(3/(-15)). Suppose 0 = 3*i + y - 128 - 135, -442 = -5*i + 2*y. Calculate the greatest common divisor of i and g.
22
Suppose c - 65 = 124. Let q be 42/c + 682/9. Calculate the highest common divisor of q and 19.
19
Suppose -246*i = -251*i + 160. Calculate the greatest common divisor of i and 24.
8
Let x be -5 - -4 - (2 + -7). Suppose -2*n + 5*t = -75, 87 = 3*n - x*t + 5*t. Let a be (1 + 8)/((-6)/(-4)). What is the highest common divisor of n and a?
6
Let i(a) = a**2 - 7*a + 7. Let x be i(6). Let m be 1 + x - (-3 + -7379). Let v be 1/4 - m/(-32). What is the greatest common factor of v and 21?
21
Suppose -17*s = -3*s - 644. What is the highest common divisor of s and 391?
23
Let s(v) = v**2 + v - 1. Suppose 0*p - 6 = -3*p. Let h be s(p). Suppose x - b - 8 = 0, -2*x + h*b + 42 = 14. What is the highest common factor of 6 and x?
2
Let z(g) = -g - 4. Let d be z(-6). Suppose -d = -w + 13. Let y = w + -8. What is the greatest common factor of y and 21?
7
Let f(p) = -55*p - 12. Let g be f(-4). Calculate the greatest common divisor of g and 16.
16
Suppose 0 = -b + 4*k - 18, 13 = 5*b + 2*k - 7. Let q(w) = b + 0 + 0 - 12*w - 2*w. Let o be q(-2). What is the highest common factor of o and 15?
15
Let f = 11 + -4. Suppose 5*m - 5 = -5*b, -b - f = 3*m - 0*b. Let u(y) = -y + 5. Let p be u(m). What is the highest common divisor of 63 and p?
9
Let v be 45 + 2/((-14)/(-35)). Calculate the highest common factor of v and 140.
10
Let w be 87/(-2)*4/(-3). Suppose -w = -0*j - 2*j. Suppose h = 4*u - j, -2*h = 3*u - 4*h - 28. What is the highest common factor of 24 and u?
6
Let z be 1/((1 - 2)/(-2)). Let o be (-3)/z*(-2 + (-2)/(-3)). Calculate the greatest common factor of o and 7.
1
Let t be (-1806)/(-4)*(2 + 8/(-12)). Let f = t + -195. What is the highest common divisor of 37 and f?
37
Let q = -237 + 302. What is the greatest common factor of q and 715?
65
Let c be 6*((-6)/4 - -2). Let d(n) = 2*n**2 - 5*n + 4. Let s be d(c). Suppose 238 = -111*l + 128*l. What is the greatest common factor of s and l?
7
Let n = 531 + -524. What is the highest common divisor of n and 567?
7
Suppose 2*b - b - 23 = -d, 4*b - 3*d = 71. Calculate the greatest common divisor of b and 5.
5
Let g be 70/2 + 18 + -16. What is the highest common divisor of g and 111?
37
Suppose -18*o + 4*p + 4 = -20*o, 5*p = 5*o - 65. Let r(b) = b**3 + 9*b**2 + 2*b + 4. Let g be r(-7). Calculate the greatest common factor of g and o.
8
Let j = 37 - 72. Suppose -29*b + 25*b = g + 147, 4*b + 5*g = -143. Let u = j - b. What is the highest common factor of 4 and u?
2
Suppose 4*t = -5*h - 1, 0*h - 2*h = -3*t - 18. Let u be ((-6)/(-18))/(1/h). Calculate the highest common factor of u and 1.
1
Suppose -3*s + 68 = 5*w, 0 = 2*s - w - 7 - 60. Let f = 33 - s. Suppose -6*v + 4*v = -28. Calculate the highest common factor of v and f.
2
Suppose c - 546 = -2*c. Suppose 2*v - 4*b - 26 = 0, 5*v - 17 - 48 = 5*b. What is the highest common divisor of c and v?
13
Let i be (-1)/((21/4648)/(-3)*2). What is the highest common factor of 747 and i?
83
Let b be 3/(-3)*8 - 0. Let d(w) = -w**2 - 10*w - 8. Let m be d(b). What is the highest common factor of m and 32?
8
Let t(k) = k**3 - 7*k**2 - 10*k + 18. Let c be t(8). Suppose 337 = c*q + 25. Calculate the greatest common divisor of q and 12.
12
Suppose 4*v + 5*j - 30 = 0, -5*v - j + 23 = -2*j. Let u(o) = -o + 3. Let n be u(3). Let k be (-3)/2*-30 + n. What is the highest common factor of v and k?
5
Suppose 18*f - 237 + 21 = 0. Calculate the greatest common factor of 192 and f.
12
Suppose -54*p = -53*p - 18. What is the greatest common divisor of 2 and p?
2
Suppose 8 = -k - 2*b, 5*k = k - 4*b - 12. Let m = k + 142. What is the highest common factor of 18 and m?
18
Let f(q) = q**3 + 8*q**2 - q + 3. Let l be f(-7). Suppose -15*u + 16*u = l. Let p = u + 31. Calculate the greatest common factor of 18 and p.
18
Let b = 34 - 30. Suppose -r - a = -13, -3*r + 14 + 28 = b*a. Calculate the highest common divisor of r and 8.
2
Let s = -134 + 144. Calculate the greatest common factor of 14 and s.
2
Let w(g) = -38*g - 354. Let a be w(-12). Suppose -n = -4*n + 204. What is the greatest common divisor of n and a?
34
Suppose -k + 6 = k. Suppose -40 = -3*m - 2*m. Let u be (18/8)/(3/m). Calculate the highest common divisor of k and u.
3
Let x(o) = 2*o + 8. Let a be x(-3). Suppose -3*l - 3*s = -225, -2*l + 3*l - 90 = a*s. What is the greatest common divisor of 16 and l?
16
Suppose -65 = -v - 22. Let b = v + -19. What is the highest common factor of 8 and b?
8
Suppose 76*b - 71*b - 11 = m, b = -m + 19. Suppose -4*r + v + 391 = -0*v, -3*r + 3*v + 291 = 0. Calculate the highest common factor of m and r.
14
Let y = 79 + -55. Suppose -4*x = 3*x - 56. Calculate the highest common factor of y and x.
8
Let a be -37 + 0 + (-1 - 0). Let m = -36 - a. What is the h